{"id":2,"date":"2013-11-06T11:55:36","date_gmt":"2013-11-06T14:55:36","guid":{"rendered":"https:\/\/pc-systems.com.ar\/wpress\/?page_id=2"},"modified":"2020-03-18T15:32:45","modified_gmt":"2020-03-18T18:32:45","slug":"cctv","status":"publish","type":"page","link":"https:\/\/pc-systems.com.ar\/wpress\/","title":{"rendered":"C\u00e1maras CCTV \/ IP"},"content":{"rendered":"\n<p style=\"font-size:15px\">Nuestro trabajo consiste en la implementacion, configuraci\u00f3n y puesta en marcha de Circuitos Cerrados de TV (CCTV), Instalacion de camaras de seguridad Anal\u00f3gicas,&nbsp; IP, Wi Fi, instalacion de equipos NVR, DVR y servidores<\/p>\n\n\n\n<p>Le damos la posibilidad al cliente de contar con un amplio espectro de soluciones que van desde la instalaci\u00f3n de una simple c\u00e1mara de seguridad con la cual pueda ver, desde cualquier lugar, un ambiente de su casa, hasta el montaje de un centro de seguridad de manera local o remota (dentro o fuera del lugar en donde est\u00e1n instaladas las c\u00e1maras)<\/p>\n\n\n\n<p>Existe una gran variedad de dispositivos que conviven entre si para que la implementaci\u00f3n de este sistema sea posible. Son equipos de baja o alta gamma, para instalaciones hogare\u00f1as o personas que necesitan soluciones mas profesionales (abarcar zonas amplias, hacer un acercamiento con zoom, etc).<strong>&nbsp;Es por esto que enfatizamos en que cada soluci\u00f3n es a medida de las necesidades del usuario.<\/strong><\/p>\n\n\n\n<h4 class=\"wp-block-heading\">Grabaciones de Respaldo de sistema de c\u00e1maras de seguridad IP o CCTV con DVR<\/h4>\n\n\n\n<p>Creemos que hasta este punto usted, entiende que los equipos permiten no solo visualizar en vivo lo que esta pasando de manera remota, sino tambi\u00e9n grabar los eventos que acontecen en cada c\u00e1mara de seguridad IP &#8211; CCTV.<\/p>\n\n\n\n<p>Esta grabaci\u00f3n puede ser realizada dentro de una PC (exclusiva solo para este prop\u00f3sito) o bien un equipo DVR. Este centro de grabaci\u00f3n le va a permitir registrar todos los eventos que generen las c\u00e1maras de seguridad IP &#8211; CCTV, por d\u00eda y fecha, durante el tiempo que la capacidad m\u00e1xima del disco lo permita. En la actualidad se efect\u00faan grabaciones de hasta 1 mes (dependiendo del tama\u00f1o, tiempo y cantidad de c\u00e1maras) transcurrido este tiempo los videos ya guardados pueden pasarse a DVD, para darle lugar a los nuevos eventos generados.<\/p>\n","protected":false},"excerpt":{"rendered":"<p>Nuestro trabajo consiste en la implementacion, configuraci\u00f3n y puesta en marcha de Circuitos Cerrados de TV (CCTV), Instalacion de camaras de seguridad Anal\u00f3gicas,&nbsp; IP, Wi Fi, instalacion de equipos NVR, DVR y servidores Le damos la posibilidad al cliente de contar con un amplio espectro de soluciones que van desde la instalaci\u00f3n de una simple [&hellip;]<\/p>\n","protected":false},"author":1,"featured_media":99,"parent":0,"menu_order":0,"comment_status":"closed","ping_status":"closed","template":"","meta":{"footnotes":""},"class_list":["post-2","page","type-page","status-publish","has-post-thumbnail","czr-hentry"],"_links":{"self":[{"href":"https:\/\/pc-systems.com.ar\/wpress\/wp-json\/wp\/v2\/pages\/2","targetHints":{"allow":["GET"]}}],"collection":[{"href":"https:\/\/pc-systems.com.ar\/wpress\/wp-json\/wp\/v2\/pages"}],"about":[{"href":"https:\/\/pc-systems.com.ar\/wpress\/wp-json\/wp\/v2\/types\/page"}],"author":[{"embeddable":true,"href":"https:\/\/pc-systems.com.ar\/wpress\/wp-json\/wp\/v2\/users\/1"}],"replies":[{"embeddable":true,"href":"https:\/\/pc-systems.com.ar\/wpress\/wp-json\/wp\/v2\/comments?post=2"}],"version-history":[{"count":7,"href":"https:\/\/pc-systems.com.ar\/wpress\/wp-json\/wp\/v2\/pages\/2\/revisions"}],"predecessor-version":[{"id":113,"href":"https:\/\/pc-systems.com.ar\/wpress\/wp-json\/wp\/v2\/pages\/2\/revisions\/113"}],"wp:featuredmedia":[{"embeddable":true,"href":"https:\/\/pc-systems.com.ar\/wpress\/wp-json\/wp\/v2\/media\/99"}],"wp:attachment":[{"href":"https:\/\/pc-systems.com.ar\/wpress\/wp-json\/wp\/v2\/media?parent=2"}],"curies":[{"name":"wp","href":"https:\/\/api.w.org\/{rel}","templated":true}]}}